{"version":"1.0","provider_name":"Eszter \u00faj vil\u00e1ga","provider_url":"https:\/\/eszter21.cafeblog.hu","author_name":"bamby21","author_url":"https:\/\/eszter21.cafeblog.hu\/author\/bamby21\/","title":"Mint egy csal\u00e1d...","html":"<p>\u00a0Egyik p\u00e9nteken a tes\u00f3m\u00e9k ism\u00e9t elhozt\u00e1k nekem Andort, aki \u00edgy eg\u00e9sz h\u00e9tv\u00e9g\u00e9re az eny\u00e9m, vagyis a mi\u00e9nk volt Kriszti\u00e1nnal. Kellemeset a hasznossal alapon, mivel Kriszti\u00e1n d\u00e9lut\u00e1nig dolgozott, els\u00e9t\u00e1ltunk el\u00e9 a rend\u0151rs\u00e9ghez. Andor m\u00e1r nagyon v\u00e1rta a tal\u00e1lkoz\u00e1st, hiszen igencsak \u00f6sszegy\u00f3gyultak a pasimmal. Sokat j\u00e1tszottak egy\u00fctt \u00e9s Kriszti\u00e1n mindenhova elcipelte mag\u00e1val, ha ott volt n\u00e1lunk.<\/p><p>F\u0151leg, mi\u00f3ta be\u00fcltette \u0151t egy igazi rend\u0151raut\u00f3ba, s\u0151t, elind\u00edthatta rajta a szir\u00e9n\u00e1t....eg\u00e9szen a sz\u00edv\u00e9be is z\u00e1rta. J\u00f3 \u00e9rz\u00e9s volt, hogy v\u00e9gre minden ok\u00e9 az \u00e9letemben....\u00e9s ezt csak tov\u00e1bb er\u0151s\u00edtette bennem, hogy a suli \u00e9s a munka is j\u00f3l ment.<\/p><p>Sz\u00f3val, \u00e1lldog\u00e1ltunk a parkol\u00f3n\u00e1l, mikor is valaki elki\u00e1ltotta mag\u00e1t:<\/p><p>-Na, kit l\u00e1tnak szemeim!?<\/p><p>Andor, amint \u00e9szrevette Kriszti\u00e1nt az ajt\u00f3ban, szinte kit\u00e9pte mag\u00e1t a karomb\u00f3l, \u00e9s m\u00e1r rohant is hogy a nyak\u00e1ba vethesse mag\u00e1t. K\u00f6zben kij\u00f6tt n\u00e9h\u00e1ny koll\u00e9g\u00e1ja is, akik szint\u00e9n akkor v\u00e9geztek a munk\u00e1val. A t\u00f6bbs\u00e9g\u00fcket ismertem, mert sokszor \u00f6sszetal\u00e1lkoztam vel\u00fck azid\u0151 alatt, mi\u00f3ta egy\u00fctt voltam Kriszti\u00e1nnal. Volt k\u00f6zt\u00fck n\u00e9h\u00e1ny id\u0151sebb pasi is, a t\u00f6bbs\u00e9g\u00fck n\u0151s, csal\u00e1dos ember. Meg\u00e1llt n\u00e9h\u00e1nyuk egy pillanatra \u00e9s alaposan szemrev\u00e9telezt\u00e9k a jelenetet. Kriszti\u00e1n, kez\u00e9n Andorral \u00e9n meg mellett\u00fck....a csal\u00e1dosok el\u00e9gedetten vigyorogtak:<\/p><p>-Na, fiam! Neked mikor lesz v\u00e9gre saj\u00e1t?<\/p><p>-Majd ha elj\u00f6n az ideje, Jani b\u00e1'!<\/p><p>Az \u00f6reg elvigyorodott, majd fel\u00e9m biccentett:<\/p><p>-Szerintem az ide\u00e1lis n\u0151t m\u00e1r megtal\u00e1ltad hozz\u00e1, sz\u00f3val....j\u00f3 lenne ha v\u00e9gre valami fejlem\u00e9nyt is l\u00e1tn\u00e1nk!<\/p><p>\u00c9n elv\u00f6r\u00f6s\u00f6dtam, Kriszti\u00e1n megcsak el\u00e9gedetten elmosolyodott, majd k\u00e9zenfogott \u00e9s elindultunk hazafel\u00e9.<\/p><p>-Na, \u00e9s neked mikor lesz saj\u00e1t? - k\u00e9rdeztem incselkedve, amint finoman oldalbab\u00f6ktem Kriszti\u00e1nt.<\/p><p>-Majd ha minden adott lesz hozz\u00e1, akkor!<\/p><p>-M\u00e1rmint?<\/p><p>-\u00dagymint....nem akarok a bizonytalanba csal\u00e1dot alap\u00edtani. Nem akarok \u00fagy \u00e9lni, hogy k\u00f6zben azt l\u00e1ssam, hogy a csal\u00e1dom \u00e9rtem agg\u00f3dik. L\u00e1tni akarom a sr\u00e1caimat feln\u0151ni...de egy ilyen munka mellett, mint az eny\u00e9m, ez nem egy \u00e9letbiztos\u00edt\u00e1s!<\/p><p>-Nincs \u00e9letbiztos\u00edt\u00e1sos munka, a mai vil\u00e1gban, ez tuti! Erre ne is alapozz!<\/p><p>-T\u00e9nyleg nincs...de nem akarok a bizonytalanba ilyenbe belekezdeni, \u00e9s azt se szeretn\u00e9m, hogy azt l\u00e1ssam, hogy a csal\u00e1dom folyton agg\u00f3dik \u00e9rtem. Ha m\u00e1r egyszer csal\u00e1dot alap\u00edtok, szeretn\u00e9m a sr\u00e1caimat l\u00e1tni feln\u0151ni....<\/p><p>-Ez azt hiszem \u00e9rthet\u0151 is...<\/p><p>Andor k\u00f6zben el\u0151tt\u00fcnk baktatott, \u00e9ppen a galambokat kergette. Kriszti\u00e1n mosolyogva figyelte a kisk\u00f6ly\u00f6k minden mozdulat\u00e1t.<\/p><p>-Na \u00e9s te? Nagy h\u00e1zass\u00e1g ellenes?! Neked mi a terved?<\/p><p>Megvontam a v\u00e1llamat \u00e9s h\u00fcmm\u00f6gtem valami \"m\u00e9g nem tudom-at\".<\/p><p>-Na! Ez nem v\u00e1lasz!<\/p><p>-Komolyan nem tudom....m\u00e9g be kell fejeznem a sulit, azt\u00e1n p\u00e1r \u00e9vig dolgozni sem \u00e1rtana....azt\u00e1n majd megl\u00e1tom, mit tehetek ez\u00fcgyben...<\/p><p>-Helyes v\u00e1lasz....a r\u00e9szedr\u0151l legal\u00e1bb is mindenk\u00e9pp!<\/p><p>Legal\u00e1bb meg volt vele el\u00e9gedve, \u00e9s nem forsz\u00edrozta tov\u00e1bb a dolgokat....pedig, azt hiszem....mostm\u00e1r nekem is ben\u0151tt annyira a fejem l\u00e1gya, hogy ezen elgondolkodjak komolyabban is.....mellette legal\u00e1bb is mindenk\u00e9ppen:)<\/p><p><br><\/p><p>\u00a0<\/p>","type":"rich"}

Eszter új világa

Mint egy család...

<p> Egyik pénteken a tesómék ismét elhozták nekem Andort, aki így egész hétvégére az enyém, vagyis a miénk volt Krisztiánnal. Kellemeset a hasznossal alapon, mivel Krisztián délutánig dolgozott, elsétáltunk elé a rendőrséghez. Andor már nagyon várta a találkozást, hiszen igencsak összegyógyultak a pasimmal. Sokat játszottak együtt és Krisztián mindenhova elcipelte magával, ha ott volt nálunk.</p><p>Főleg, mióta beültette őt egy igazi rendőrautóba, sőt, elindíthatta rajta a szirénát....egészen a szívébe is zárta. Jó érzés volt, hogy végre minden oké az életemben....és ezt csak tovább erősítette bennem, hogy a suli és a munka is jól ment.</p><p>Szóval, álldogáltunk a parkolónál, mikor is valaki elkiáltotta magát:</p><p>-Na, kit látnak szemeim!?</p><p>Andor, amint észrevette Krisztiánt az ajtóban, szinte kitépte magát a karomból, és már rohant is hogy a nyakába vethesse magát. Közben kijött néhány kollégája is, akik szintén akkor végeztek a munkával. A többségüket ismertem, mert sokszor összetalálkoztam velük azidő alatt, mióta együtt voltam Krisztiánnal. Volt köztük néhány idősebb pasi is, a többségük nős, családos ember. Megállt néhányuk egy pillanatra és alaposan szemrevételezték a jelenetet. Krisztián, kezén Andorral én meg mellettük....a családosok elégedetten vigyorogtak:</p><p>-Na, fiam! Neked mikor lesz végre saját?</p><p>-Majd ha eljön az ideje, Jani bá'!</p><p>Az öreg elvigyorodott, majd felém biccentett:</p><p>-Szerintem az ideális nőt már megtaláltad hozzá, szóval....jó lenne ha végre valami fejleményt is látnánk!</p><p>Én elvörösödtam, Krisztián megcsak elégedetten elmosolyodott, majd kézenfogott és elindultunk hazafelé.</p><p>-Na, és neked mikor lesz saját? - kérdeztem incselkedve, amint finoman oldalbaböktem Krisztiánt.</p><p>-Majd ha minden adott lesz hozzá, akkor!</p><p>-Mármint?</p><p>-Úgymint....nem akarok a bizonytalanba családot alapítani. Nem akarok úgy élni, hogy közben azt lássam, hogy a családom értem aggódik. Látni akarom a srácaimat felnőni...de egy ilyen munka mellett, mint az enyém, ez nem egy életbiztosítás!</p><p>-Nincs életbiztosításos munka, a mai világban, ez tuti! Erre ne is alapozz!</p><p>-Tényleg nincs...de nem akarok a bizonytalanba ilyenbe belekezdeni, és azt se szeretném, hogy azt lássam, hogy a családom folyton aggódik értem. Ha már egyszer családot alapítok, szeretném a srácaimat látni felnőni....</p><p>-Ez azt hiszem érthető is...</p><p>Andor közben előttünk baktatott, éppen a galambokat kergette. Krisztián mosolyogva figyelte a kiskölyök minden mozdulatát.</p><p>-Na és te? Nagy házasság ellenes?! Neked mi a terved?</p><p>Megvontam a vállamat és hümmögtem valami "még nem tudom-at".</p><p>-Na! Ez nem válasz!</p><p>-Komolyan nem tudom....még be kell fejeznem a sulit, aztán pár évig dolgozni sem ártana....aztán majd meglátom, mit tehetek ezügyben...</p><p>-Helyes válasz....a részedről legalább is mindenképp!</p><p>Legalább meg volt vele elégedve, és nem forszírozta tovább a dolgokat....pedig, azt hiszem....mostmár nekem is benőtt annyira a fejem lágya, hogy ezen elgondolkodjak komolyabban is.....mellette legalább is mindenképpen:)</p><p><br></p><p> </p>
